{"id":3580,"date":"2022-06-25T14:59:26","date_gmt":"2022-06-25T14:59:26","guid":{"rendered":"https:\/\/cademartech.ro\/index.php\/produs\/cantar-cu-etichetare-t-scale-pa15s-15k-mr-15kg-pentru-autoservire-avizat-metrologic\/"},"modified":"2022-06-30T15:37:06","modified_gmt":"2022-06-30T12:37:06","slug":"cantar-cu-etichetare-t-scale-pa15s-15k-mr-15kg-pentru-autoservire-avizat-metrologic","status":"publish","type":"product","link":"https:\/\/cademartech.ro\/index.php\/produs\/cantar-cu-etichetare-t-scale-pa15s-15k-mr-15kg-pentru-autoservire-avizat-metrologic\/","title":{"rendered":"Cantar cu etichetare T-Scale PA15S-15K-MR 15Kg, pentru autoservire, avizat metrologic"},"content":{"rendered":"<div class=\"block-body expand-block\">\n<div class=\"block-wrapper\">\n<div class=\"block-content  block-description\">\n<p><img src=\"https:\/\/adpos.ro\/image\/catalog\/produse\/cantare\/T-Scale\/PA15_Series\/t_scale_pa_series_2%20(1).jpg\" style=\"width: 100%\"><\/p>\n<p><\/p>\n<hr>\n<p><\/p>\n<p><b>C\u00e2ntarul cu etichetare T-Scale PA15S-15K-MR<\/b>, face parte din seria PA, are un design simplu, modern, carcas\u0103 din plastic cu platan din o\u021bel inoxidabil, ceea ce \u00eel face practic \u0219i u\u0219or de \u00eengrijit, este dotat cu tehnologie de ultim\u0103 genera\u021bie, care ajut\u0103 la u\u0219urarea vie\u021bii zi de zi.<\/p>\n<p>C\u00e2ntarul are un sistem simplu de schimbare a rolei de h\u00e2rtie, pentru aceasta nu este nevoie de un specialist, procedura poate fi realizat\u0103 de c\u0103tre orice angajat al magazinului.<\/p>\n<p style=\"text-align: center\"><img src=\"https:\/\/adpos.ro\/image\/catalog\/produse\/cantare\/T-Scale\/PA15_Series\/T-Scale_PA15_800px_prezentare.jpg\" style=\"text-align: start;width: 448px\"><\/p>\n<p style=\"text-align: center\"><\/p>\n<hr>\n<p style=\"text-align: left\">Ecranul tactil LCD Color, amplasat pe un bra\u021b, pentru operator, unde deruleaz\u0103 imagini \u0219i video publicitare. Afi\u0219ajul c\u00e2ntarului este mare, iar acest lucru asigur\u0103 citirea datelor dint-un unghi mai larg de vizualizare.<\/p>\n<p style=\"text-align: center\"><img src=\"https:\/\/adpos.ro\/image\/catalog\/produse\/cantare\/T-Scale\/PA15_Series\/T-Scale_PA15-15K-MR_800px_2.jpg\" style=\"width: 562.312px;height: 562.312px\"><\/p>\n<p style=\"text-align: center\"><\/p>\n<hr>\n<p style=\"text-align: left\">Produsele pot fi c\u0103utate \u0219i dup\u0103 imagini, nu este nevoie de memorat codurile, \u00een special atunci c\u00e2nd sunt mai multe articole, astfel fiind mai u\u0219or \u0219i rapid de g\u0103sit produsul necesar.&nbsp;<\/p>\n<p style=\"text-align: center\"><img src=\"https:\/\/adpos.ro\/image\/catalog\/produse\/cantare\/T-Scale\/PA15_Series\/T-Scale_PA15-15K-MR_800px_prezentare_1.jpg\" style=\"text-align: start;width: 608px\"><\/p>\n<p style=\"text-align: center\"><\/p>\n<hr>\n<p style=\"text-align: left\">Programarea c\u00e2ntarului este simpl\u0103, operarea cu echipamentul este u\u0219oar\u0103, clien\u021bii nu necesit\u0103 ajutor pentru a se orienta cum func\u021bioneaz\u0103.<\/p>\n<p style=\"text-align: center\"><img src=\"https:\/\/adpos.ro\/image\/catalog\/produse\/cantare\/T-Scale\/PA15_Series\/T-Scale_PA15-15K-MR_800px_prezentare_2.jpg\" style=\"text-align: start;width: 1170px\"><\/p>\n<p style=\"text-align: center\"><\/p>\n<hr>\n<p style=\"text-align: left\"><b>Avantaje:<\/b><\/p>\n<ul>\n<li>Etichetarea are loc rapid \u0219i calitativ;<\/li>\n<li>Etichete clare \u0219i lizibile;<\/li>\n<li>Gestionarea informa\u021biei produselor este \u00een timp real;<\/li>\n<li>Sistem de operare: Linux TOS 2.0 Embedded system;<\/li>\n<li>Temperaturile de operare: 0 +40\u2103.<\/li>\n<\/ul>\n<p><\/p>\n<hr>\n<p><b>Interfe\u021be de conectare fa\u021b\u0103:<\/b><\/p>\n<ul>\n<li>2 x USB Port;<\/li>\n<li>1 x MiniUSB (OTG).<\/li>\n<\/ul>\n<p><b><br \/><\/b><\/p>\n<p><b>Interfe\u021be de conectare spate:<\/b><\/p>\n<ul>\n<li>2 x USB Port;<\/li>\n<li>Ethernet (RJ45);<\/li>\n<li>Cititor carduri MicroSD;<\/li>\n<li>Lada de bani (RJ11);<\/li>\n<li>2 x RS232C.<\/li>\n<\/ul>\n<p style=\"text-align: center\"><img src=\"https:\/\/adpos.ro\/image\/catalog\/produse\/cantare\/T-Scale\/PA15_Series\/T-Scale_PA15_800px_prezentare_1.jpg\" style=\"text-align: start;width: 1170px\"><\/p>\n<\/p><\/div>\n<\/p><\/div>\n<\/p><\/div>\n<div class=\"block-body expand-block\">\n<div class=\"block-wrapper\">\n<div class=\"block-content  block-attributes\">\n<div id=\"tab-specification\">\n<div class=\"table-responsive\">\n<table class=\"table table-bordered\">\n<thead>\n<tr>\n<td colspan=\"2\"><strong>Caractersitici de baz\u0103 c\u00e2ntar<\/strong><\/td>\n<\/tr>\n<\/thead>\n<tbody>\n<tr>\n<td>Tip produs<\/td>\n<td>C\u00e2ntar cu etichetare<\/td>\n<\/tr>\n<tr>\n<td>Capacitatea maxim\u0103 (kg)<\/td>\n<td>6\/15<\/td>\n<\/tr>\n<tr>\n<td>Capacitatea minim\u0103 (g)<\/td>\n<td>40<\/td>\n<\/tr>\n<tr>\n<td>Diviziune (g)<\/td>\n<td>2\/5<\/td>\n<\/tr>\n<tr>\n<td>Valoarea tarei (kg)<\/td>\n<td>6<\/td>\n<\/tr>\n<tr>\n<td>Clasa de precizie<\/td>\n<td>III<\/td>\n<\/tr>\n<tr>\n<td>Dimensiuni platan (mm)<\/td>\n<td>385&#215;280<\/td>\n<\/tr>\n<tr>\n<td>Material platan<\/td>\n<td>O\u021bel inoxidabil<\/td>\n<\/tr>\n<\/tbody>\n<thead>\n<tr>\n<td colspan=\"2\"><strong>Imprimant\u0103<\/strong><\/td>\n<\/tr>\n<\/thead>\n<tbody>\n<tr>\n<td>Metoda de imprimare<\/td>\n<td>Termo direct (TD)<\/td>\n<\/tr>\n<tr>\n<td>Vitez\u0103 de imprimare (mm\/s)<\/td>\n<td>100<\/td>\n<\/tr>\n<tr>\n<td>Rezolu\u021bie imprimare (DPI)<\/td>\n<td>203<\/td>\n<\/tr>\n<tr>\n<td>Memorie<\/td>\n<td>Flash: 16Gb; RAM: 2Gb<\/td>\n<\/tr>\n<tr>\n<td>Zona imprimabil\u0103 (mm)<\/td>\n<td>L\u0103\u021bime max: 58mm; \u00cen\u0103l\u021bime max: 180mm.<\/td>\n<\/tr>\n<tr>\n<td>Auto cutter<\/td>\n<td>&#8211;<\/td>\n<\/tr>\n<\/tbody>\n<thead>\n<tr>\n<td colspan=\"2\"><strong>Afi\u0219aj<\/strong><\/td>\n<\/tr>\n<\/thead>\n<tbody>\n<tr>\n<td>Afi\u0219aj operator<\/td>\n<td>LCD Color, Touch, cu iluminare, 15&#8243;<\/td>\n<\/tr>\n<tr>\n<td>Afi\u0219aj client<\/td>\n<td>&#8211;<\/td>\n<\/tr>\n<tr>\n<td>Bra\u021b-suport pentru afi\u0219aj<\/td>\n<td>+<\/td>\n<\/tr>\n<\/tbody>\n<thead>\n<tr>\n<td colspan=\"2\"><strong>Memorie articole (PLU)<\/strong><\/td>\n<\/tr>\n<\/thead>\n<tbody>\n<tr>\n<td>Articole programabile direct<\/td>\n<td>&#8211;<\/td>\n<\/tr>\n<tr>\n<td>Articole programabile indirect<\/td>\n<td>99999<\/td>\n<\/tr>\n<\/tbody>\n<thead>\n<tr>\n<td colspan=\"2\"><strong>Surs\u0103 de alimentare<\/strong><\/td>\n<\/tr>\n<\/thead>\n<tbody>\n<tr>\n<td>Adaptor AC\/DC<\/td>\n<td>AC 100-240V 50\/60Hz<\/td>\n<\/tr>\n<tr>\n<td>Acumulator, baterie<\/td>\n<td>&#8211;<\/td>\n<\/tr>\n<\/tbody>\n<thead>\n<tr>\n<td colspan=\"2\"><strong>Caracteristici generale<\/strong><\/td>\n<\/tr>\n<\/thead>\n<tbody>\n<tr>\n<td>Num\u0103rul de butoane<\/td>\n<td>&#8211;<\/td>\n<\/tr>\n<tr>\n<td>Temperatura de operare (\u00b0C)<\/td>\n<td>0+40<\/td>\n<\/tr>\n<tr>\n<td>Interfe\u021be de conectare<\/td>\n<td>3 x USB, mini USB (OTG), 2 x RS232C, LAN, RJ11, WIFI<\/td>\n<\/tr>\n<tr>\n<td>Sistem de operare<\/td>\n<td>Linux TOS 2.0 Embedded system<\/td>\n<\/tr>\n<tr>\n<td>Acte \u0219i certificate<\/td>\n<td>CE,OIML,NTEP<\/td>\n<\/tr>\n<\/tbody>\n<\/table><\/div>\n<\/p><\/div>\n<\/p><\/div>\n<\/p><\/div>\n<\/p><\/div>\n","protected":false},"excerpt":{"rendered":"<li class=\"product-model\"><b>Model:<\/b> <span>PA15S-15K-MR<\/span><\/li>\n<li class=\"product-sku\"><b>SKU:<\/b> <span> 1797<\/span><\/li>\n<li class=\"customtext\"><b>Garantie:<\/b><span>12 luni<\/span><\/li>\n<li class=\"product-stock in-stock\"><b>Disponibilitate:<\/b> <span>In stoc<\/span><\/li>\n<li class=\"product-ean\"><b>EAN:<\/b> <span>5943808032802<\/span><\/li>\n","protected":false},"featured_media":3578,"template":"","meta":[],"product_cat":[56,85,80],"product_tag":[],"_links":{"self":[{"href":"https:\/\/cademartech.ro\/index.php\/wp-json\/wp\/v2\/product\/3580"}],"collection":[{"href":"https:\/\/cademartech.ro\/index.php\/wp-json\/wp\/v2\/product"}],"about":[{"href":"https:\/\/cademartech.ro\/index.php\/wp-json\/wp\/v2\/types\/product"}],"wp:featuredmedia":[{"embeddable":true,"href":"https:\/\/cademartech.ro\/index.php\/wp-json\/wp\/v2\/media\/3578"}],"wp:attachment":[{"href":"https:\/\/cademartech.ro\/index.php\/wp-json\/wp\/v2\/media?parent=3580"}],"wp:term":[{"taxonomy":"product_cat","embeddable":true,"href":"https:\/\/cademartech.ro\/index.php\/wp-json\/wp\/v2\/product_cat?post=3580"},{"taxonomy":"product_tag","embeddable":true,"href":"https:\/\/cademartech.ro\/index.php\/wp-json\/wp\/v2\/product_tag?post=3580"}],"curies":[{"name":"wp","href":"https:\/\/api.w.org\/{rel}","templated":true}]}}