{"id":694,"date":"2020-02-08T21:15:16","date_gmt":"2020-02-08T21:15:16","guid":{"rendered":"https:\/\/cademartech.ro\/wordpress\/?post_type=product&#038;p=694"},"modified":"2020-02-08T21:17:35","modified_gmt":"2020-02-08T21:17:35","slug":"scanner-motorola-symbol-ls2208-manual","status":"publish","type":"product","link":"https:\/\/cademartech.ro\/index.php\/produs\/scanner-motorola-symbol-ls2208-manual\/","title":{"rendered":"Scanner Motorola Symbol LS2208 manual"},"content":{"rendered":"<p>Scanner manual pentru citire coduri bare \u00een magazine (produs recondi\u021bionat)<\/p>\n<p>Scanner manual Motorola Symbol LS2208 pentru citirea codurilor de bare \u00een magazin. Datorit\u0103 manevrabilit\u0103\u021bii crescute, acest model este recomandat at\u00e2t la casele de marcat, c\u00e2t \u0219i pentru spa\u021bii mai largi de tip recep\u021bie marf\u0103. Designul ergonomic \u0219i standul flexibil asigur\u0103 o comoditate sporit\u0103 \u00een utilizarea continu\u0103 pentru lungi perioade de timp, f\u0103r\u0103 ca m\u00e2na s\u0103 oboseasc\u0103. Disponibil pe culorile alb \u0219i negru.<\/p>\n","protected":false},"excerpt":{"rendered":"<p>Scanner manual pentru citire coduri bare \u00een magazine (produs recondi\u021bionat) Scanner manual Motorola Symbol LS2208 pentru citirea codurilor de bare \u00een magazin. Datorit\u0103 manevrabilit\u0103\u021bii crescute, acest model este recomandat at\u00e2t la casele de marcat, c\u00e2t \u0219i pentru spa\u021bii mai largi de tip recep\u021bie marf\u0103. Designul ergonomic \u0219i standul flexibil asigur\u0103&hellip; <\/p>\n","protected":false},"featured_media":695,"template":"","meta":[],"product_cat":[59],"product_tag":[],"_links":{"self":[{"href":"https:\/\/cademartech.ro\/index.php\/wp-json\/wp\/v2\/product\/694"}],"collection":[{"href":"https:\/\/cademartech.ro\/index.php\/wp-json\/wp\/v2\/product"}],"about":[{"href":"https:\/\/cademartech.ro\/index.php\/wp-json\/wp\/v2\/types\/product"}],"wp:featuredmedia":[{"embeddable":true,"href":"https:\/\/cademartech.ro\/index.php\/wp-json\/wp\/v2\/media\/695"}],"wp:attachment":[{"href":"https:\/\/cademartech.ro\/index.php\/wp-json\/wp\/v2\/media?parent=694"}],"wp:term":[{"taxonomy":"product_cat","embeddable":true,"href":"https:\/\/cademartech.ro\/index.php\/wp-json\/wp\/v2\/product_cat?post=694"},{"taxonomy":"product_tag","embeddable":true,"href":"https:\/\/cademartech.ro\/index.php\/wp-json\/wp\/v2\/product_tag?post=694"}],"curies":[{"name":"wp","href":"https:\/\/api.w.org\/{rel}","templated":true}]}}