{"id":759,"date":"2020-02-11T04:43:34","date_gmt":"2020-02-11T04:43:34","guid":{"rendered":"https:\/\/cademartech.ro\/wordpress\/?post_type=product&#038;p=759"},"modified":"2020-02-19T19:55:50","modified_gmt":"2020-02-19T19:55:50","slug":"scanner-datalogic-magellan-vs2200-vertical-2","status":"publish","type":"product","link":"https:\/\/cademartech.ro\/index.php\/produs\/scanner-datalogic-magellan-vs2200-vertical-2\/","title":{"rendered":"Scanner Datalogic Magellan VS2200 vertical"},"content":{"rendered":"<p>Scanner vertical pentru citire coduri de bare (produs recondi\u021bionat)<\/p>\n<p>Cititorul Magellan 2200VS este conceput special pentru comercian\u0163ii cu am\u0103nuntul care necesit\u0103 performan\u0163e ridicate \u00eentr-un produs compact. Este proiectat pentru spa\u021biile \u00eenguste de la casele de marcat, din magazinele de comer\u021b cu am\u0103nuntul, dar cu volum mare de v\u00e2nzare.<\/p>\n","protected":false},"excerpt":{"rendered":"<p>Scanner vertical pentru citire coduri de bare (produs recondi\u021bionat) Cititorul Magellan 2200VS este conceput special pentru comercian\u0163ii cu am\u0103nuntul care necesit\u0103 performan\u0163e ridicate \u00eentr-un produs compact. Este proiectat pentru spa\u021biile \u00eenguste de la casele de marcat, din magazinele de comer\u021b cu am\u0103nuntul, dar cu volum mare de v\u00e2nzare.<\/p>\n","protected":false},"featured_media":760,"template":"","meta":[],"product_cat":[59],"product_tag":[],"_links":{"self":[{"href":"https:\/\/cademartech.ro\/index.php\/wp-json\/wp\/v2\/product\/759"}],"collection":[{"href":"https:\/\/cademartech.ro\/index.php\/wp-json\/wp\/v2\/product"}],"about":[{"href":"https:\/\/cademartech.ro\/index.php\/wp-json\/wp\/v2\/types\/product"}],"wp:featuredmedia":[{"embeddable":true,"href":"https:\/\/cademartech.ro\/index.php\/wp-json\/wp\/v2\/media\/760"}],"wp:attachment":[{"href":"https:\/\/cademartech.ro\/index.php\/wp-json\/wp\/v2\/media?parent=759"}],"wp:term":[{"taxonomy":"product_cat","embeddable":true,"href":"https:\/\/cademartech.ro\/index.php\/wp-json\/wp\/v2\/product_cat?post=759"},{"taxonomy":"product_tag","embeddable":true,"href":"https:\/\/cademartech.ro\/index.php\/wp-json\/wp\/v2\/product_tag?post=759"}],"curies":[{"name":"wp","href":"https:\/\/api.w.org\/{rel}","templated":true}]}}